ase 12?
-12b58
-2011111 (base 4) to base 3
-102201001
-2110020 (base 3) to base 6
-12140
133240 (base 8) to base 11
32142
What is -46350 (base 10) in base 15?
-db00
9d (base 15) to base 11
125
595 (base 13) to base 6
4251
What is -293c4 (base 13) in base 15?
-17eac
What is -1077 (base 9) in base 7?
-2221
Convert -865a (base 11) to base 12.
-6753
Convert 16753 (base 9) to base 6.
125250
-756 (base 16) to base 10
-1878
19a2 (base 15) to base 14
2048
What is -2625 (base 14) in base 5?
-203242
Convert -20212323 (base 4) to base 6.
-431123
What is -39 (base 15) in base 2?
-110110
What is -450 (base 10) in base 11?
-37a
db2 (base 16) to base 10
3506
Convert 120 (base 12) to base 7.
330
Convert 123052 (base 7) to base 16.
5893
What is -3e (base 16) in base 3?
-2022
731 (base 8) to base 5
3343
What is -11326 (base 7) in base 8?
-5537
What is 1cb8 (base 13) in base 11?
3319
What is 3632 (base 7) in base 15?
5eb
Convert 25662 (base 9) to base 11.
12006
-2011012200 (base 3) to base 15
-c890
What is 314 (base 7) in base 12?
112
-4367 (base 13) to base 14
-35c0
What is 1b9b (base 12) in base 7?
13001
-4761 (base 11) to base 13
-2abb
Convert -62362 (base 8) to base 14.
-95bc
13331 (base 5) to base 2
10001000011
What is -130331 (base 4) in base 2?
-11100111101
What is 1b8 (base 13) in base 6?
1252
What is 215 (base 10) in base 5?
1330
Convert -a61a (base 11) to base 14.
-51a1
Convert 399 (base 11) to base 14.
259
Convert -361 (base 15) to base 14.
-3ca
What is 6bb4 (base 12) in base 3?
121120201
163526 (base 7) to base 2
111111011111011
-103323 (base 5) to base 14
-1444
What is -20112 (base 4) in base 11?
-446
222433 (base 6) to base 4
10210311
Convert 92 (base 15) to base 14.
9b
Convert -18 (base 14) to base 3.
-211
-44b7 (base 12) to base 6
-55151
Convert 31bb (base 13) to base 12.
4002
Convert -1101100101111 (base 2) to base 16.
-1b2f
Convert -878 (base 13) to base 12.
-a0b
Convert -1110100110 (base 2) to base 14.
-4aa
-104213 (base 7) to base 16
-476f
Convert -174 (base 12) to base 9.
-277
What is 14015 (base 6) in base 2?
100001111011
-11010010 (base 2) to base 5
-1320
What is -5b1 (base 16) in base 15?
-672
Convert 491 (base 12) to base 11.
573
Convert -510 (base 8) to base 13.
-1c3
9632 (base 10) to base 6
112332
664 (base 10) to base 14
356
What is 214 (base 8) in base 2?
10001100
Convert -13ca1 (base 15) to base 14.
-1926d
-24576 (base 10) to base 6
-305440
What is -21726 (base 8) in base 15?
-2ab9
Convert 49 (base 13) to base 8.
75
141532 (base 6) to base 7
53666
Convert -11100000 (base 2) to base 13.
-143
What is -2acc (base 15) in base 3?
-110121110
Convert -101200 (base 4) to base 12.
-794
407 (base 13) to base 8
1253
82 (base 15) to base 4
1322
Convert -5417 (base 14) to base 6.
-151125
-22441 (base 6) to base 13
-15b8
What is -28b (base 14) in base 16?
-203
What is -ebe (base 15) in base 12?
-1b15
2020021000 (base 3) to base 12
21509
Convert -402 (base 8) to base 7.
-516
Convert -643 (base 10) to base 13.
-3a6
11112 (base 3) to base 11
101
Convert -1637a (base 13) to base 16.
-a56f
Convert -330300 (base 5) to base 9.
-16473
What is -3211 (base 8) in base 16?
-689
Convert 27810 (base 9) to base 15.
58dc
What is -30a (base 14) in base 6?
-2434
4203 (base 5) to base 9
674
Convert -8694 (base 12) to base 16.
-39d0
What is 1100110111011 (base 2) in base 3?
100000222
Convert -b9 (base 14) to base 9.
-201
Convert -12002 (base 3) to base 9.
-162
-3b043 (base 12) to base 16
-13d73
Convert -111101011000011 (base 2) to base 4.
-13223003
20000 (base 3) to base 2
10100010
-401 (base 6) to base 15
-9a
245 (base 6) to base 14
73
-35543 (base 6) to base 15
-1800
Convert -3433 (base 12) to base 15.
-1ab9
Convert -3556 (base 7) to base 8.
-2443
Convert -979b (base 16) to base 4.
-21132123
Convert -100111111101011 (base 2) to base 16.
-4feb
-10402 (base 6) to base 9
-1872
What is -11b (base 13) in base 9?
-234
-1081 (base 12) to base 13
-aa5
Convert 34b7 (base 13) to base 6.
54201
7ca7 (base 15) to base 9
40284
Convert 110011000110110 (base 2) to base 10.
26166
What is -521205 (base 6) in base 2?
-1010001100100101
What is 8e0 (base 15) in base 16?
7da
Convert -102202 (base 3) to base 9.
-382
2395 (base 13) to base 14
1b8b
1723 (base 8) to base 16
3d3
-14095 (base 11) to base 5
-1120234
What is 148853 (base 9) in base 5?
10414241
-1101010001110 (base 2) to base 14
-2698
Convert -1a49 (base 11) to base 9.
-3502
Convert 44b (base 13) to base 14.
3ab
Convert c8 (base 15) to base 11.
161
-42436 (base 8) to base 13
-8091
Convert -2b2 (base 15) to base 10.
-617
Convert 22021111 (base 3) to base 10.
6034
-1571 (base 8) to base 16
-379
-557 (base 10) to base 9
-678
4000 (base 12) to base 6
52000
What is 2212220 (base 3) in base 2?
100000110111
What is 30315 (base 6) in base 4?
332213
What is 4994 (base 11) in base 10?
6516
Convert 855 (base 15) to base 10.
1880
Convert -c963 (base 16) to base 2.
-1100100101100011
Convert -1099 (base 12) to base 11.
-1428
Convert a8 (base 15) to base 10.
158
What is 1c04 (base 13) in base 15?
13be
What is -1c56 (base 13) in base 8?
-10310
-6f4 (base 16) to base 4
-123310
What is 101111001101 (base 2) in base 3?
11010220
What is 112233 (base 4) in base 5?
21310
What is 3122424 (base 5) in base 3?
2121210122
Convert -2124 (base 5) to base 2.
-100100001
-1b2 (base 12) to base 4
-10112
32e (base 15) to base 14
395
What is 27415 (base 9) in base 10?
18563
What is -3365 (base 7) in base 11?
-a12
What is 1001100110000001 (base 2) in base 12?
1a8a9
Convert 122404 (base 5) to base 9.
6434
-2613 (base 14) to base 10
-6681
Convert 21101001 (base 4) to base 12.
19b69
What is 240 (base 7) in base 15?
86
Convert -4043 (base 6) to base 9.
-1200
What is 30124 (base 5) in base 11?
1490
Convert -ca (base 13) to base 12.
-11a
What is -32 (base 10) in base 16?
-20
-20232 (base 4) to base 16
-22e
What is -5788 (base 10) in base 14?
-2176
Convert 120a (base 11) to base 10.
1583
What is 128 (base 16) in base 11?
24a
Convert 435 (base 16) to base 15.
4bc
What is 82 (base 10) in base 12?
6a
3ed (base 15) to base 13
541
Convert 352 (base 14) to base 11.
550
5190 (base 15) to base 10
17235
76473 (base 8) to base 2
111110100111011
What is 1031123 (base 5) in base 9?
26205
11103 (base 4) to base 5
2324
What is ce (base 16) in base 2?
11001110
What is -10010 (base 3) in base 16?
-54
4702 (base 9) to base 5
102420
1202200 (base 5) to base 12
109bb
What is -2116 (base 8) in base 12?
-77a
122112222 (base 3) to base 6
135125
-12066 (base 7) to base 10
-3135
What is -48b (base 15) in base 7?
-3002
What is 188 (base 12) in base 11?
206
Convert 306 (base 15) to base 13.
405
Convert -249 (base 16) to base 6.
-2413
What is 25236 (base 10) in base 15?
7726
What is 13263 (base 8) in base 4?
1122303
What is -11ba (base 14) in base 3?
-11020222
What is -10142 (base 6) in base 7?
-3650
35002 (base 7) to base 11
677a
What is -482 (base 16) in base 11?
-95a
-3103 (base 5) to base 12
-297
-23c9 (base 13) to base 14
-1bbc
-260 (base 7) to base 9
-165
Convert -6328 (base 11) to base 7.
-33300
What is -1451 (base 6) in base 14?
-1dd
What is -443 (base 11) in base 3?
-201200
-11011101101011 (base 2) to base 5
-423222
1861 (base 12) to base 3
11001101
What is -132031 (base 4) in base 5?
-30213
522 (base 7) to base 9
320
What is 2348 (base 10) in base 9?
3188
21253 (base 7) to base 12
3081
Convert 19597 (base 10) to base 9.
28784
75 (base 9) to base 4
1010
Convert 142114 (base 5) to base 14.
2221
What is -138b (base 12) in base 16?
-8db
-8485 (base 11) to base 2
-10101111011001
531 (base 7) to base 12
1a3
Convert -1245 (base 6) to base 16.
-13d
Convert 1233 (base 8) to base 5.
10132
11101111000111 (base 2) to base 7
62421
-10101001001 (base 2) to base 10
-1353
What is 332545 (base 6) in base 5?
1342412
Convert 1200200201 (base 3) to base 10.
33310
What is -11211 (base 3) in base 13?
-a0
144 (base 12) to base 14
100
What is -2c09 (base 15) in base 4?
-2103303
Convert -1004132 (base 5) to base 7.
-65064
Convert -470 (base 10) to base 14.
-258
Convert 110410 (base 9) to base 12.
321b3
3223 (base 5) to base 15
1e3
Convert -1297 (base 14) to base 16.
-cc5
What is 100010110101010 (base 2) in base 5?
1032314
Convert -16a0 (base 16) to base 14.
-217a
What is -2a37 (base 16) in base 14?
-3d1d
4